ase 5) to base 6
4402
Convert -8b8 (base 12) to base 4.
-110030
What is -10013 (base 4) in base 14?
-14b
What is -68262 (base 9) in base 4?
-23011220
11100111110 (base 2) to base 9
2480
-8803 (base 11) to base 13
-539a
Convert 110 (base 7) to base 16.
38
Convert 1000010001111101 (base 2) to base 11.
23534
4025 (base 9) to base 7
11366
-20102232 (base 4) to base 9
-51530
Convert 151122 (base 6) to base 14.
5414
Convert 1bc (base 13) to base 4.
11010
Convert -8a6 (base 11) to base 4.
-100330
-56 (base 8) to base 7
-64
747f (base 16) to base 14
ac23
Convert 135741 (base 8) to base 16.
bbe1
Convert 104 (base 7) to base 4.
311
What is -2b3 (base 13) in base 16?
-1e4
Convert -39a3 (base 13) to base 4.
-2000311
24166 (base 7) to base 15
1cd1
Convert -5220 (base 8) to base 2.
-101010010000
What is -1124 (base 9) in base 13?
-4c0
Convert -444 (base 6) to base 13.
-103
1255 (base 7) to base 8
741
What is 27601 (base 8) in base 12?
7055
Convert 6443 (base 7) to base 4.
203231
-188a (base 14) to base 13
-2031
What is -116c (base 14) in base 3?
-11011110
Convert -110301 (base 4) to base 2.
-10100110001
-2722 (base 8) to base 4
-113102
What is -2214 (base 7) in base 15?
-380
What is bc8c (base 15) in base 11?
28025
What is -598 (base 10) in base 7?
-1513
Convert -1027 (base 10) to base 9.
-1361
100000101010 (base 2) to base 3
2212102
-445 (base 13) to base 8
-1335
Convert -83603 (base 9) to base 14.
-16164
704 (base 8) to base 14
244
Convert 2011013 (base 4) to base 15.
27ce
-31440 (base 5) to base 10
-2120
Convert -5956 (base 15) to base 2.
-100101000100101
Convert 6584 (base 15) to base 16.
53fb
-211032 (base 4) to base 12
-1466
What is -54bc (base 16) in base 15?
-6662
What is 110514 (base 8) in base 6?
444112
What is -506a (base 12) in base 10?
-8722
Convert 313 (base 5) to base 12.
6b
-6108 (base 12) to base 16
-2918
Convert -8a60 (base 16) to base 7.
-205164
Convert 101121220 (base 3) to base 5.
221441
What is 65 (base 7) in base 2?
101111
Convert 79cb (base 13) to base 4.
10022223
Convert 12145 (base 6) to base 16.
701
Convert -11111111100010 (base 2) to base 6.
-203414
Convert -2c2 (base 14) to base 2.
-1000110010
What is 73838 (base 10) in base 5?
4330323
1022000201 (base 3) to base 10
25534
Convert 4172 (base 9) to base 2.
101111110110
What is -98a8 (base 12) in base 7?
-100034
What is 11000010010 (base 2) in base 6?
11110
-26527 (base 10) to base 15
-7cd7
Convert d9c (base 14) to base 7.
10555
11404 (base 7) to base 3
11001001
What is -15705 (base 8) in base 3?
-100202022
-3756 (base 11) to base 5
-124101
274 (base 16) to base 9
767
What is -8a (base 12) in base 15?
-71
1032 (base 8) to base 13
325
Convert -21d4 (base 15) to base 11.
-5432
17220 (base 9) to base 3
121020200
What is 24777 (base 9) in base 15?
4e1a
What is -1032 (base 6) in base 4?
-3230
Convert 714 (base 8) to base 2.
111001100
-4321 (base 8) to base 2
-100011010001
Convert 1001110 (base 2) to base 3.
2220
Convert 12105 (base 6) to base 4.
123221
Convert 311 (base 10) to base 7.
623
Convert -335 (base 6) to base 10.
-131
Convert -586a (base 12) to base 14.
-3854
What is -1013111 (base 4) in base 13?
-2102
-2bb (base 14) to base 13
-33b
What is -10131032 (base 4) in base 3?
-221001002
-10528 (base 10) to base 9
-15387
What is -7d7c (base 15) in base 5?
-1323132
-4a68 (base 13) to base 16
-2944
What is 141643 (base 7) in base 13?
c430
Convert -344 (base 11) to base 13.
-258
-1868 (base 10) to base 7
-5306
Convert -111111000 (base 2) to base 13.
-2ca
Convert -547 (base 8) to base 10.
-359
-163 (base 9) to base 8
-212
Convert 2473 (base 8) to base 13.
7c0
Convert 4314 (base 5) to base 6.
2412
-3a8 (base 14) to base 9
-1007
Convert 220001101 (base 3) to base 13.
7c99
What is 11213 (base 8) in base 12?
28b7
What is 26a (base 15) in base 10?
550
-3500 (base 9) to base 13
-1245
Convert 359 (base 12) to base 5.
4001
Convert 4317 (base 16) to base 8.
41427
1134300 (base 5) to base 15
6435
What is -2a545 (base 11) in base 8?
-124356
What is 15154 (base 6) in base 15?
ad1
Convert 724 (base 12) to base 16.
40c
What is 663 (base 10) in base 11?
553
-3206 (base 8) to base 14
-874
Convert -11011 (base 4) to base 6.
-1301
Convert 4917 (base 15) to base 5.
444142
Convert -3a62 (base 13) to base 5.
-231421
What is 2102210 (base 3) in base 10?
1776
Convert -113c9 (base 13) to base 2.
-111101011000110
-66ad (base 14) to base 11
-12406
Convert -102012001 (base 3) to base 8.
-17733
Convert -273d (base 15) to base 7.
-33304
Convert 2104 (base 6) to base 15.
217
Convert 131103 (base 4) to base 8.
3523
What is -202432 (base 7) in base 15?
-a364
What is 22 (base 3) in base 16?
8
What is 1abf (base 16) in base 7?
25651
a63 (base 15) to base 8
4447
547 (base 11) to base 10
656
What is -34d (base 15) in base 2?
-1011101100
Convert -a01 (base 14) to base 15.
-8ab
Convert 610 (base 10) to base 8.
1142
Convert -4540 (base 8) to base 14.
-c36
Convert 23040 (base 6) to base 10.
3264
Convert 12dea (base 16) to base 2.
10010110111101010
Convert 14024 (base 5) to base 10.
1139
-1201100 (base 3) to base 6
-5443
What is 6c09 (base 15) in base 16?
59af
What is 9a8 (base 14) in base 2?
11101111000
Convert 26a0 (base 15) to base 13.
39a8
Convert 203140 (base 5) to base 14.
2606
What is -30623 (base 7) in base 11?
-5711
What is -9dd6 (base 16) in base 10?
-40406
-144505 (base 6) to base 12
-8135
What is 107c (base 14) in base 13?
13b7
Convert 1452304 (base 6) to base 14.
22c80
Convert -32153 (base 8) to base 11.
-a09a
42 (base 10) to base 4
222
1199 (base 11) to base 7
4356
-9955 (base 10) to base 8
-23343
-84a (base 11) to base 9
-1355
Convert -3331 (base 6) to base 13.
-478
What is -564 (base 10) in base 3?
-202220
What is 44 (base 13) in base 7?
110
Convert -818 (base 13) to base 12.
-965
11110100101 (base 2) to base 5
30312
What is -16213 (base 7) in base 13?
-2104
What is 2dca (base 15) in base 4?
2122021
159bb (base 14) to base 2
1101001100110001
-277 (base 13) to base 9
-534
What is 2200 (base 8) in base 10?
1152
-403 (base 10) to base 3
-112221
What is 11101010111 (base 2) in base 10?
1879
What is -104341 (base 5) in base 2?
-111010001001
Convert 1030 (base 5) to base 14.
a0
-1865 (base 9) to base 11
-1096
What is -31b (base 16) in base 15?
-380
-1155b (base 12) to base 13
-a77b
Convert 5bb3 (base 13) to base 12.
7626
-104a (base 11) to base 7
-4016
-4431 (base 11) to base 15
-1ae7
a23a (base 12) to base 9
26141
Convert -25a87 (base 11) to base 7.
-213402
-d7d6 (base 14) to base 12
-19668
4430034 (base 5) to base 11
52854
31230 (base 5) to base 14
a77
Convert 10232 (base 5) to base 8.
1264
Convert 25e (base 15) to base 11.
450
Convert 7742 (base 9) to base 4.
1121030
What is -5ba4 (base 16) in base 10?
-23460
What is 3670 (base 9) in base 16?
ab0
-71 (base 12) to base 5
-320
What is -103121 (base 5) in base 10?
-3536
138 (base 13) to base 5
1331
-444 (base 5) to base 2
-1111100
102100 (base 3) to base 6
1230
What is 2135 (base 6) in base 12?
34b
-1461a (base 13) to base 4
-21113302
What is 101000111101011 (base 2) in base 8?
50753
What is 131202 (base 4) in base 11?
1469
What is -2311332 (base 4) in base 11?
-8828
Convert -2112123 (base 5) to base 11.
-24570
What is 6567 (base 14) in base 16?
447f
-134b6 (base 16) to base 2
-10011010010110110
What is -22a3 (base 11) in base 3?
-11010202
14d (base 16) to base 15
173
-102122120 (base 3) to base 4
-2010231
What is 1d56 (base 16) in base 3?
101022011
221520 (base 6) to base 4
10201320
Convert 1000001100000011 (base 2) to base 6.
415135
-2440 (base 8) to base 16
-520
3130 (base 4) to base 9
264
-1001005 (base 6) to base 9
-71265
Convert -31122 (base 4) to base 16.
-35a
What is -11110111101100 (base 2) in base 11?
-10a01
20338 (base 11) to base 4
13033312
What is -12954 (base 13) in base 4?
-20123301
Convert -579 (base 13) to base 7.
-2520
Convert 110101100010 (base 2) to base 5.
102201
-100001000101000 (base 2) to base 15
-5041
-1472 (base 8) to base 4
-30322
Convert 17c7 (base 13) to base 4.
313113
What is 1309 (base 12) in base 15?
999
What is 37457 (base 9) in base 12?
1268a
-17013 (base 10) to base 8
-41165
Convert 78 (base 13) to base 16.
63
8333 (base 10) to base 2
10000010001101
Convert -311 (base 6) to base 14.
-83
What is -4160 (base 14) in base 12?
-6620
C